 = -t**2 + 5*t + 48. Let d be y(9). Calculate the greatest common factor of d and p.
12
Let r be 2 + -2 + 3 + -3. Suppose r = -9*f + 4*f. Suppose 4*y - 171 - 309 = f. Calculate the highest common factor of y and 48.
24
Suppose 0 = -12*h + 16 + 8. Let y(j) = 4*j**2 - 1. Let x be y(h). Calculate the greatest common factor of 60 and x.
15
Let t(o) be the third derivative of o**5/60 + o**4/4 + o**3/2 - 11*o**2. Suppose 12 = -3*i + i. Let h be t(i). What is the highest common divisor of h and 6?
3
Let q(z) = 12*z + 9. Let g be q(-3). Let r be 27/g + 0/2 + 4. Suppose -6*b + 4*b = -4*t + 32, 2*t - 2*b - 20 = 0. What is the highest common factor of r and t?
3
Let q be (-2 + 6/(-5))*5. Let z be (-25)/(-1 - 4)*-1. Let a = z - q. What is the highest common divisor of a and 1?
1
Let g(x) = -3*x**2 + 1 - 21*x**3 + x**2 - 3*x**3 - x. Let m be g(-2). Let u be (-68 - -51)/(1/(-1 + 0)). Calculate the highest common factor of m and u.
17
Suppose -6*t + 144 = -3*t. Suppose -146*q = -144*q - 32. Calculate the highest common divisor of q and t.
16
Let m(t) be the first derivative of 333*t**2 - 7. Let c be m(2). Let s be c/30 + (-9)/(-15). What is the greatest common factor of s and 15?
15
Let l = 795 - -327. Calculate the greatest common factor of l and 11.
11
Let d = 168 + -152. Calculate the greatest common factor of d and 8.
8
Let n(t) = 2*t + 2. Let v be n(1). Suppose 8*o = 3*o + v*q + 813, -4*q = -2*o + 318. Calculate the greatest common divisor of 66 and o.
33
Let j(f) = 14*f. Let n be j(1). Suppose -5*p = 20, 14 = 2*q - 2*p - 4. Let l be q/(-40) + 4932/32. What is the greatest common divisor of l and n?
14
Suppose -5*z = -2*g + 3*g - 15, 5*g + 5*z - 35 = 0. Suppose g*r - 75 = -0*r. What is the highest common factor of 150 and r?
15
Let p = -1066 - -1178. Calculate the highest common factor of p and 21.
7
Suppose -5*s + 80 = -5*m, 0*s + 2*s + 5*m = 4. Suppose 3*p - 15 = s. Let k be (-7 - -1)*429/(-26). Calculate the greatest common factor of p and k.
9
Suppose 2*v = -v + a + 14, -4*v + 2 = 2*a. Suppose -3*t - 4*y - 18 = -v, t + 5 = -3*y. Let o = t - -8. Calculate the greatest common divisor of 24 and o.
3
Let p(m) = -m**3 + 8*m**2 + 11*m + 10. Let g be p(7). Let o = g + -91. What is the highest common divisor of 15 and o?
15
Suppose 5*s - u + 227 = 1434, s = -3*u + 251. Let b be (-1)/(1*(-6)/132). What is the highest common divisor of s and b?
22
Let r be 198/8 + 2/8. Suppose x + r = 5*y - 11, -2*x = 2. What is the highest common factor of 7 and y?
7
Let u be ((-330)/(-40))/((-4)/((-160)/15)). What is the highest common divisor of u and 407?
11
Suppose z = 88 + 16. Calculate the highest common factor of 32 and z.
8
Let k be (1 + 1)*-1*-38. Let i be (-10143)/(-276) + 5/4. Calculate the highest common divisor of k and i.
38
Let y(a) = 33*a**2 - a. Let x be y(-1). Calculate the greatest common factor of x and 238.
34
Let l = -1492 + 1508. Suppose 0 = -4*o - 2*d + 6, o = 3*d - 1 + 20. Let q = 6 - o. What is the greatest common divisor of q and l?
2
Suppose 0 = -13*f + f + 312. Calculate the greatest common divisor of 117 and f.
13
Let d(w) = -49*w + 73. Let x be d(-3). Calculate the greatest common divisor of 770 and x.
110
Let k(m) = -15*m - 39. Let v be k(-13). What is the greatest common factor of 36 and v?
12
Let z be ((-58)/4)/((-1)/(-2)). Let u = z + 47. Let v(n) = -4*n + 70. Let d be v(16). What is the highest common factor of d and u?
6
Suppose 7*i + 96 = 3*i. Let v be (-4)/i*3*12. What is the greatest common divisor of 30 and v?
6
Let m = 121 - -32. Calculate the greatest common divisor of 17 and m.
17
Let c be 4/18 - (-305)/45. Let f be ((-308)/(-6))/((-40)/(-60)). What is the highest common factor of f and c?
7
Let n(k) = k**2 - 12*k + 11. Let f be n(11). Let d(v) = -3*v - 16. Let q be d(f). Let x be 16/10 + q/(-40). What is the greatest common divisor of 12 and x?
2
Suppose -2*c - 3*c = -5*w - 15, -5*w + 3*c - 25 = 0. Let z = -4 - w. Calculate the greatest common factor of 28 and z.
4
Suppose 289 + 401 = 5*k. Suppose -42 = 3*o - k. Calculate the highest common factor of 96 and o.
32
Let v(q) = 29*q - 255. Let x be v(15). What is the greatest common factor of 36 and x?
36
Let r(u) = -u**3 - 5*u**2 + 5. Let h be r(-5). Suppose 2*i + 34 = 9*c - 6*c, 5*c - 4*i = 58. What is the highest common factor of c and h?
5
Let o = 159 - 57. Suppose 7*r + 6 = 3*p + 11*r, 0 = -2*p + r + 15. What is the greatest common factor of o and p?
6
Let o be 7/(-21) - (-10)/3. Suppose -o*b + 478 = 142. What is the highest common divisor of b and 14?
14
Let p = 181 - 113. Calculate the highest common divisor of 51 and p.
17
Suppose 4*v - 12 = 0, -x + 0*x + 5*v = -34. Suppose 0 = 5*k + y - 6*y - 1005, 794 = 4*k - 2*y. What is the highest common factor of x and k?
49
Let c(m) = -m**3 + 3*m**2 - 7*m + 198. Let u be c(0). Calculate the greatest common factor of u and 132.
66
Let s be 1 + (-6 - 4) + 1. Let o be (s + 6/2)/(1/(-1)). What is the highest common divisor of o and 10?
5
Let j be (-20)/(-90) + (-205)/(-9). Let i = 92 - j. Calculate the greatest common factor of 46 and i.
23
Suppose 26*w + 10920 = 41*w. What is the greatest common factor of w and 455?
91
Let p be 454 - (3 + -1 + -3). Let w = -295 + p. What is the greatest common factor of w and 16?
16
Let r(f) = 4*f**2 - 17*f + 54. Let j be r(5). What is the highest common divisor of j and 115?
23
Let q(x) = 2*x + 17. Let z(f) = f**2 + 8*f - 10. Let y be z(-8). Let w = y - -4. Let o be q(w). Calculate the greatest common factor of o and 5.
5
Suppose 37*b - 131 - 202 = 0. What is the highest common factor of b and 99?
9
Let v(l) be the second derivative of l**5/10 + l**4/12 - 2*l**3/3 - 4*l**2 - 16*l. Let m be v(3). Calculate the highest common divisor of m and 43.
43
Suppose -u - 348 = -3*t + 2*u, 3*t - 376 = -4*u. Calculate the highest common factor of 15 and t.
15
Let l be 348/8*4 + -4 + -1. Calculate the highest common factor of l and 13.
13
Suppose m + 1 = -2*j - 2, 5*j - 20 = 3*m. Suppose 2*o = -2*l + 20, 339*o - 4*l = 334*o + 32. What is the highest common factor of j and o?
1
Let f be 18/(-45) + (-144)/(-10). Suppose -o + 3*t = f, -5*o = -5*t + 1 + 19. What is the highest common divisor of 4 and o?
1
Let z(d) = d**3 - 15*d**2 + 10*d - 50. Let c be z(15). Calculate the highest common factor of 75 and c.
25
Let u(o) = o**2 + 7*o - 13. Let v be u(-9). What is the greatest common factor of v and 2?
1
Suppose 3*m - 1 = 179. Let y = m + -39. Calculate the highest common divisor of 189 and y.
21
Let f = -2148 - -3275. What is the greatest common divisor of f and 49?
49
Let r(f) = -69*f - 63. Let i be r(-2). Let c be 0 - (-3 - -6 - 33). Calculate the highest common factor of c and i.
15
Let i(m) = -10*m**2 + 379*m + 84. Let u be i(38). Let x = 92 - -46. Calculate the highest common divisor of x and u.
46
Suppose 8*p = 5*p + 144. Calculate the greatest common divisor of p and 6.
6
Let r be (230 + 1)*((-4)/2 - -3). What is the greatest common divisor of 33 and r?
33
Let y(q) = -2*q**2 - 2*q + 6. Let t be y(-5). Let x = t - -62. What is the highest common factor of x and 4?
4
Suppose -5*k + f + 95 = 0, -k + 2*f - 5*f + 3 = 0. Calculate the highest common factor of k and 396.
18
Let s = -20 + 35. Let b be (-4)/(-14) + ((-360)/(-63) - -9). What is the greatest common factor of b and s?
15
Suppose 4*f = -5*y + 165, -13*y + 41 = f - 12*y. Let g be 2/4*64/2. What is the highest common factor of g and f?
8
Let r(s) = -s**2 + 71*s + 228. Let m be r(74). Suppose 2*d = -2*l + 26, d - 6 - 13 = 2*l. Calculate the highest common factor of m and d.
3
Let z(x) = -x**3 - 42*x - 80. Let q be z(-2). Let p(i) = -2*i**2 + 6*i. Let s be p(5). Let y be 3*s*1/(-2). Calculate the highest common factor of q and y.
6
Let o(p) = 474*p**3 - 5*p**2 + 6*p. Let v be o(1). What is the greatest common divisor of 125 and v?
25
Suppose 3*p + 4*g - 452 = 0, -43*g = -3*p - 39*g + 484. Calculate the highest common factor of p and 36.
12
Let g(l) = 12*l - 16. Let p be g(3). Suppose -5*a + a + 64 = 0. Suppose -5*w + 9*w = a. Calculate the greatest common factor of p and w.
4
Suppose 0*h + 3*h + l + 36 = 0, 16 = -2*h + 2*l. Let r = 1 - h. Suppose 2*g - 14 = -2*p, 2*g = 3*g - 4. Calculate the greatest common divisor of p and r.
3
Let c(z) = -z**2 - 10*z - 3. Let r